) is divided by 15.
4
Suppose 0 = 2*h + 10 - 240. Calculate the remainder when h is divided by 12.
7
Let x(j) be the first derivative of 13/2*j**2 - 1/3*j**3 + 15*j - 6. Calculate the remainder when 59 is divided by x(13).
14
Let i = -2 + 9. Suppose 7*k = k + 276. Calculate the remainder when k is divided by i.
4
Suppose -r - 1 + 4 = 0. Suppose 8*l - r*l = 40. Let s = -264 + 287. Calculate the remainder when s is divided by l.
7
Let a be 3 - (4 - (-6)/(-3)). Suppose -d = -u + 15, 0 = u + 4*d - 16 + a. What is the remainder when 1/3 - (-80)/3 is divided by u?
12
Let a(k) = -5*k**3 - 4*k**2 - k - 3. Let p be 1 + 1 + 2 + -7. Suppose 4*b - 3*b = 0, -75 = -3*n + 3*b. What is the remainder when a(p) is divided by n?
24
Let m = -22 - -422. Suppose m = -2*h + 6*h. What is the remainder when h is divided by 34?
32
Let q(s) = 17*s + 229. Calculate the remainder when 20 is divided by q(-13).
4
Let k(j) be the second derivative of j**4/6 + 11*j**3/6 - 5*j**2/2 + 2*j. Calculate the remainder when k(-8) is divided by (-54)/4*(-4)/3.
17
Let m be (14/2)/(4/12). Let q = m - -28. Suppose -4*a = -0*a - 68. Calculate the remainder when q is divided by a.
15
Suppose v = -m + 17, 2*v - 2 = 5*m - 94. What is the remainder when 18 is divided by m?
0
Suppose 5*p - 2*o = 17, 10*o - 4 = -3*p + 5*o. Suppose 4*j - 5*a = -a + 112, 84 = p*j + 3*a. Calculate the remainder when 36 is divided by (j - 2)*4/8.
10
Let g be (-5 - (-42)/12)*(-94)/3. Let k = g - 31. What is the remainder when 44 is divided by k?
12
Let b be (-2 + 7)*(-96)/(-10). Let i = 78 - b. Calculate the remainder when i is divided by 19.
11
Suppose -4*o + 3*v + 148 = -v, 0 = 5*o + 4*v - 221. Let z = 60 - o. Let w(u) = -132*u + 828. Calculate the remainder when w(6) is divided by z.
17
Suppose 2*a + 92 = 4*a + 2*j, 0 = -2*a - j + 87. What is the remainder when a is divided by 2/5 + (-53)/(-5)?
8
Let o(i) = -5 + i**3 - 47*i**2 + 37*i**2 - 2 - 10*i. What is the remainder when 31 is divided by o(11)?
3
Let r(h) = 9*h + 429. What is the remainder when r(-35) is divided by 50?
14
Suppose -7*y - 90 = -2*i - 4*y, 135 = 3*i + 4*y. Calculate the remainder when 311 is divided by i.
41
Suppose 16 = z - 5*d - 10, 3*z - 78 = -5*d. Let f = -14 + z. Calculate the remainder when (6 - 400/65) + 888/26 is divided by f.
10
Let o(q) = 2*q**2 - q - 1. Let t(a) = -11*a**2 + 8*a + 4. Let l(j) = -5*o(j) - t(j). Suppose 0*k + 3*k = 18. What is the remainder when 36 is divided by l(k)?
17
Let k = 22 - 8. Let o = 4361 + -4264. What is the remainder when o is divided by k?
13
Let k(z) = z - 3. Let a be k(1). Let r be 24/36*(-3)/a. Suppose g - 32 = -2*v, v = r - 0. Calculate the remainder when g is divided by 11.
8
Suppose -1 = -4*d + 15. Suppose -d*y - 101 = -5*y. Suppose 4*k - 5*v - y = 0, 4*k + v - 61 = 58. Calculate the remainder when 86 is divided by k.
28
Suppose 4*o - 805 = 7*l - 2*l, -621 = -3*o - 2*l. What is the remainder when o is divided by 26?
23
Let p(k) = k + 32. Let h(s) = 1. Let u(d) = 4*h(d) + p(d). Calculate the remainder when u(-15) is divided by 16.
5
Suppose 2*l = 3*l - 27. Let j = -2 + 10. Suppose 13*u - j*u = 70. What is the remainder when l is divided by u?
13
Suppose -218*c + 213*c + 8540 = 0. What is the remainder when c is divided by 114?
112
Suppose -519*z + 33672 = -30684. What is the remainder when z is divided by 9*-3*4/(-6)?
16
Let h be (3/(-9))/(2/42). Let b(u) = u**2 + 7*u + 2. Let p be b(h). What is the remainder when ((-2192)/24)/(p/(-3)) is divided by 35?
32
What is the remainder when 372 is divided by ((-3)/(-2))/(4/72)?
21
Let w(z) = 2*z**2 - 5*z**2 + 4*z**2 - 21*z + 0*z**2 + 36. Calculate the remainder when 62 is divided by w(20).
14
Let m(d) = -d**3 + 4*d**2 - 3*d - 4. Let s be m(3). Suppose 0 = j - 1 - 2. Calculate the remainder when 10/s*(-24)/10 is divided by j.
0
Suppose 5*p = -3*z + 66, -p + 5*z + 17 = -13. Calculate the remainder when 27 is divided by p.
12
Let v = -536 + 541. Let r(y) = 2*y**2 - 1. Calculate the remainder when r(-3) is divided by v.
2
Let l(t) = -24*t - 13. Let z(s) = -s - 1. Let j(m) = l(m) + 4*z(m). What is the remainder when j(-2) is divided by 15?
9
Suppose -19*v = 31*v - 40250. What is the remainder when v is divided by 13?
12
Let g(d) = -d**3 + 6*d**2 - 5*d + 8. Let t = -19 - -24. Calculate the remainder when g(t) is divided by 5.
3
Let j(m) = -2*m**3 + 3*m**2 - m + 12. Let u(a) = -a**3 + 2*a**2 + 6. Let l(y) = 6*j(y) - 13*u(y). What is the remainder when l(10) is divided by 27?
26
Suppose 4*r + 5*p = 8, -2*p - 55 = -3*r - 3. Suppose 3*y - 233 - 49 = 0. Calculate the remainder when y is divided by r.
10
Calculate the remainder when 44 is divided by (4/6 + 128/(-12))*-1.
4
Let a = -779 - -784. Calculate the remainder when 98 is divided by a.
3
Let r(v) = 10 - 5*v + 2*v - 2*v + 6*v. Calculate the remainder when r(-6) is divided by 4.
0
Suppose -25*g - g + 1352 = 0. What is the remainder when 145 is divided by g?
41
Suppose 4*l + 2*o - 50 = 0, 3*o + 60 = 3*l - 0*l. Let b be (5 + -3 - -1)/1. Suppose h + 8 = b*h. Calculate the remainder when l is divided by h.
3
Let g be (-6)/(-10)*(13 + -8). Suppose -g*f = l - 9 + 4, f = 5*l - 73. Let y(v) = -2*v + 90. What is the remainder when y(18) is divided by l?
12
Suppose 3*n + 6*n = -99. Let r(l) = 2*l + 39. Calculate the remainder when 82 is divided by r(n).
14
Let u(h) = h**3 + 15*h**2 + 13*h + 21. Suppose -2*i = 3*i + 60. Let s be 5/20 + 171/i. Calculate the remainder when u(s) is divided by 12.
11
Let a be (-11 - -1)*(5 + 44/(-8)). Suppose -2*m - 82 = -2*u, -a*m - 95 = -3*u + 24. What is the remainder when u is divided by 15?
13
Suppose -6*d + 7*d + 55 = 0. Let l = d - -73. What is the remainder when (-14)/(-12)*-10*-6 is divided by l?
16
Suppose 757 = 2*l - 803. Suppose 4*h + l = 10*h. What is the remainder when h is divided by 33?
31
Let u(y) = y**2 - 22*y - 118. What is the remainder when 113 is divided by u(28)?
13
Let y = 63 + -61. Suppose -s = s - 38. Calculate the remainder when s is divided by 2*y/4 - -2*3.
5
Suppose 4 = -9*f + 5*f. Let o = 64 - f. What is the remainder when o is divided by 14?
9
Let l = -5956 + 6002. Let k(v) = v**3 + 7*v**2 + 5*v - 4. What is the remainder when l is divided by k(-4)?
22
Let c(f) = f**2 - 5. Let v be c(-2). Let a(y) = -44*y. Suppose -2*q + 40 = 2*q - 5*s, 0 = s - 4. Calculate the remainder when a(v) is divided by q.
14
Suppose 5*o = -10, -c + 0*c - 4*o = 10. Suppose 3*t + 4*l + 3 = 0, -3*t - 5*l - 6 = -0*t. What is the remainder when (-18)/t*(c - 1) is divided by 10?
8
Suppose x + 84 = 4*x. Suppose 0 = -2*j - 6*j + 120. What is the remainder when x is divided by j?
13
Let k = 597 - 593. What is the remainder when 114 is divided by k?
2
Suppose -2*a - 4 = -l, a + 0*l = 2*l + 1. Let s = 3 - a. Calculate the remainder when 10 is divided by s.
4
Let r(d) = 3*d + 5*d**2 + 9 + 18*d**3 - 30*d**3 + 13*d**3. Let g(m) = m**2 + 4*m + 2. Calculate the remainder when r(-4) is divided by g(-5).
6
Let m = -198 + 207. What is the remainder when 33 is divided by m?
6
Let x = 1049 - 972. Calculate the remainder when x is divided by 6.
5
Let f = 3120 - 2495. What is the remainder when f is divided by 70?
65
Let n = 97 - 34. What is the remainder when 233 is divided by n?
44
Let a = -73 + 103. Calculate the remainder when 46 is divided by a.
16
Let r(d) = 22*d - 96. Calculate the remainder when 63 is divided by r(5).
7
Let w = -3 + 3. Suppose w = 3*a + 15, 0 = 3*v + 2*v - 3*a - 150. What is the remainder when v is divided by 10?
7
Suppose -r = 3*i + 30, r + 2*i = -2*r - 90. Let q be (r/(-40))/(1/52). Suppose q = -2*k + 5*k. What is the remainder when 24 is divided by k?
11
Suppose 4*f + 97 = -3*o - 16, -5*f - 180 = -4*o. What is the remainder when f/(-12)*45/12 is divided by -1 - -4 - 0/(-1)?
1
Suppose -3*b + 21 = 3*n, 7*b - 8*b = -n - 5. Suppose l - 4*w = 45, -5*l = 3*w - 0*w - 225. Calculate the remainder when l is divided by b.
3
Let c(n) = -204*n - 5. Suppose -3*f - x = 10 - 3, -3*x - 15 = 3*f. Calculate the remainder when c(f) is divided by 50.
49
Let z = -245 + 358. What is the remainder when z is divided by 19?
18
Let z(n) = 13*n - 119. Calculate the remainder when z(11) is divided by 12.
0
Suppose 5*x = -3 - 2. What is the remainder when (x/(-3))/(12/648) is divided by 4?
2
Suppose 7538 = 3*f 